 + 8. Let s(j) = -1 + 3 + 3*j + 4*j**u + j - j**3 + 1. Let o be (-9)/(-54)*3*10. Determine s(o).
-2
Let t(i) be the second derivative of -i**5/20 - i**3/3 - 3*i**2/2 + 3*i. Let o be (1 + -1)*2/4. Suppose -6*q - 17 + 5 = o. Give t(q).
9
Let w(g) be the first derivative of -g**4/12 + g**3/6 - g**2/2 + 8*g - 23. Let s(q) be the first derivative of w(q). Determine s(1).
-1
Let v(f) = 156 - 2*f**2 - 11*f - 166 - f**2. Determine v(-4).
-14
Let g be (-1 - -2) + (-22)/(-11). Let b(q) = -2 + g - 62*q + 61*q. What is b(-3)?
4
Let x(u) be the third derivative of -4*u**2 - 1/6*u**4 + 0*u - 2/3*u**3 + 0. Suppose 0 = 2*j + 6 - 0. What is x(j)?
8
Let z(r) = r**2 - 11*r + 1. Let n = -147 + 159. Give z(n).
13
Let j(n) = 4*n**2 + 4*n - 2. Let s be j(-2). Suppose p = 4*v + 28, 2*p = s*p + 4*v - 12. Let x(b) = -5*b + b**2 + 3*b + 2 - 6*b. Give x(p).
2
Suppose -20*o + 126 + 34 = 0. Let h(n) = -1 + 4 + 5 - n**3 + 8*n**2 + 3. Give h(o).
11
Let h = -3 - -4. Suppose -3*n = -8*n. Suppose -2*i + 3 - h = n. Let z(r) = 8*r**2 - 2*r + 1. Determine z(i).
7
Let d = 7 - 39. Let k be ((-1)/(-4))/((-8)/d). Let x(l) = -1 - 3*l + 4*l + 0*l**2 + 4*l**2. Determine x(k).
4
Let k(y) = y + 1. Let z be k(-5). Let p(t) be the second derivative of t**4/12 + 2*t**3/3 - t**2 - 1632*t. Give p(z).
-2
Let v(b) = b**3 - 7*b**2 + 8*b - 8. Let o(i) = -2*i**3 + 7*i**2 - 9*i + 9. Let u(m) = 2*o(m) + 3*v(m). Calculate u(-8).
10
Let x(k) be the second derivative of -k**4/12 + 3*k**3/2 + 5*k**2 + 61*k. Let j(s) = -s**2 + 6*s + 5. Let v be j(5). Let u be x(v). Let c(g) = g - 6. Give c(u).
-6
Let u(g) = -g**2 - 3*g + 3. Let q be -3 + (12 + -3)/3. Suppose q - 1 = -l. Suppose 2*f + l = -7. Determine u(f).
-1
Let y(h) be the third derivative of h**6/360 - h**5/120 + 7*h**3/3 - 19*h**2. Let o(f) be the first derivative of y(f). Determine o(1).
0
Suppose -2*a = 0, 4*a + 9 = -5*m + 24. Let q(n) = -3*n**2 + 13*n + 7. Let s(f) = f**2 - 4*f - 2. Let c = 34 + -36. Let l(x) = c*q(x) - 7*s(x). Calculate l(m).
-3
Let t(g) = -3*g**2 + 4*g - 2. Let w be t(2). Let o = -3 - w. Let p(n) = -2 + n + 3 - 3 + o. What is p(-3)?
-2
Let a(o) = -o**2 - o - 8. Suppose -4*v = 3*g + 34, 38 = -5*g - v + 4. Give a(g).
-38
Let w(n) = n**3 + 8*n**2 - n - 4. Let y be w(-8). Let g be -3*y/12 - 1. Let s(i) = i**3 + 2*i + 3. Calculate s(g).
-9
Let g(k) = 10*k + 1. Suppose 17*d - 18*d - 2 = 0. Calculate g(d).
-19
Suppose 205 = 62*v - 103*v. Let z(j) = j**2 + 5*j - 2. Determine z(v).
-2
Let h(i) = -i. Let p(c) = c**2 - 2*c - 7. Let v be p(7). Let s = v + -27. Let w(m) = -5*m + 1. Let n(f) = s*w(f) - 4*h(f). What is n(-4)?
5
Let w(h) = 5*h**3 - 8*h**2 - 4*h + 17. Let c(z) = -11*z**3 + 16*z**2 + 9*z - 36. Let o(q) = -4*c(q) - 9*w(q). Give o(8).
-9
Let t = 8 - 12. Let j(i) = -5 - i**2 - 6*i - 15 + 14. Give j(t).
2
Let k be 3/9*(14 + 1). Suppose k*x + 2*o = -166, 4*x - o - o + 122 = 0. Let c = x - -29. Let p(z) = z**3 + 3*z**2 - z - 4. Give p(c).
-1
Let j(i) = i**3 - 7*i**2 - 19*i + 88. Let z be j(8). Let h(p) = -p**3 - 3. Let o(y) = 1. Let f(b) = h(b) - 6*o(b). What is f(z)?
-9
Let b(s) = -2*s - 39. Let j be b(-16). Let g be j/(-3) + 14/21. Let i be 7 - (15/3 - g). Let x(h) = -h**2 + 5*h - 4. Give x(i).
-4
Let f(r) = 3*r - 4. Let c(n) = 2*n - 3. Suppose 0 = -4*z + z + 9, -5*t + 27 = 4*z. Let m(j) = t*f(j) - 4*c(j). Determine m(0).
0
Let x = -14 - -17. Let s(l) = -1 - 3*l - x*l + 6 - 4. What is s(1)?
-5
Let n(m) be the third derivative of -7*m**5/12 - m**3/6 + 18*m**2 - 15*m. Give n(-1).
-36
Let p(w) = -w**3 - 5*w**2 - w - 4. Let f(j) be the first derivative of -2 - 4*j**2 + 4*j - 1/3*j**3. Let a be f(-9). What is p(a)?
1
Let u = 11 + -8. Suppose -3*y = 4*b - 2, 2*y = -2*b + u*y + 6. Let w(q) = -8*q - q**b - 2*q**2 + 2*q + 1 + q**3 + 2. Give w(4).
-5
Suppose 0 = 2*r + 4 + 4. Let k be -4 + (r - -15) - 1. Let m(s) = s - 5. What is m(k)?
1
Let z(v) = -3*v**2 - v. Suppose 4*r = x - 22, x + 3*r + 19 = 3*x. Suppose 3*n = -4*u - 87, -x*u = -4*n + 7 + 9. Let g = -17 - u. Calculate z(g).
-4
Let m(c) = c**3 - 6*c**2 + 9*c - 7. Suppose 4 = 6*g - 20. What is m(g)?
-3
Let k(m) = -m**2 + 15*m + 19. Let o be k(16). Suppose -j = o*p - 5*p + 2, 2*j - 3*p + 5 = 0. Let c(s) = -s**3 - 5*s**2 - 3*s + 2. Determine c(j).
-2
Let n(s) = 3*s**3 + 2*s**2 - 4*s - 1. Let g(b) = 7*b**3 + 5*b**2 - 9*b - 3. Let z(c) = -2*g(c) + 5*n(c). Let i be (7/5 + -1)*(-5)/(-1). What is z(i)?
5
Let x(b) = 20*b - 33. Let h(g) = 7*g - 11. Let f(v) = -11*h(v) + 4*x(v). Calculate f(7).
10
Let n(z) = -z**3 - 7*z**2 - 2*z - 6. Suppose -x = -2*a + 11 + 4, -5*x = -3*a + 47. What is n(x)?
8
Let o = -3 - -5. Let a(k) be the third derivative of -k**5/20 + k**4/24 + 524*k**2. Calculate a(o).
-10
Let u(w) = -2*w**2 - 6*w - 7. Suppose 0 = -21*r - 34 - 29. Calculate u(r).
-7
Let w be 54/6 - 11 - (5 - 1). Let h(b) = -b**2 - 5*b - 5. Determine h(w).
-11
Let b(s) = -28*s + 35. Let m(a) = -4*a + 11 - 12 + 5*a. Let k(t) = -b(t) - 35*m(t). Give k(2).
-14
Let z(d) be the third derivative of 0 + 8*d**2 + 1/2*d**3 + 0*d**4 + 1/360*d**6 - 7/120*d**5 + 0*d. Let p(t) be the first derivative of z(t). What is p(7)?
0
Let x(m) be the first derivative of -3*m**2/2 + 1. Let g be (2*(-3)/(-6))/(-1). Let l = 3 + g. Give x(l).
-6
Let i(l) = 11*l + 35. Let r be i(-3). Let o(n) = 2*n**2 - 3*n + 2. What is o(r)?
4
Let w(n) be the third derivative of -2/3*n**3 - 5/24*n**4 + 0 + 0*n - 1/120*n**6 - 1/20*n**5 - 8*n**2. Determine w(-3).
11
Suppose -147 = 279*u - 286*u. Let r(w) = -3*w**2 + 65*w - 48. Give r(u).
-6
Suppose 5*c + 1 = -0*c + 2*z, -3*z - 6 = 0. Let u(n) = 9*n**3 - 2*n**2 - 2*n - 1. What is u(c)?
-10
Suppose -5 = -4*j + 3. Let i(w) be the first derivative of w + w**2 - 1 + 2*w**2 - 4*w**j. Determine i(-2).
5
Let z(c) be the third derivative of c**4/12 - 4*c**3/3 + 93*c**2. Determine z(6).
4
Let y(f) = f**3 + 14*f**2 + 13*f - 4. Let q(a) = -a**2 + 64*a + 259. Let o be q(-4). Give y(o).
-4
Let m(v) = -7*v - 6 + 8*v - 2*v + 0*v. Calculate m(-15).
9
Let h(w) = -w**2 + 18*w - 49. Let d be h(4). Let r(g) = -g**3 + 8*g**2 - 10*g + 14. Give r(d).
-7
Let h(d) = -3*d**2 - 45*d - 29. Let r(q) = 2*q**2 + 29*q + 19. Let c(n) = 5*h(n) + 8*r(n). Give c(-5).
-3
Let r(g) = -g**2 + 5*g - 3. Let u be r(3). Let y(i) = 20 + i - 12 - 4*i**3 - 9 - 20*i**u. Determine y(1).
-24
Let v(m) = -m**2 + 6*m - 6. Let f be v(4). Let t(o) = -3 + 6*o**2 - 2*o**2 - o**3 - 2 + f*o + 3. Suppose -2*q - 4*u = 10, -4*u + 19 = 5*q - 5*u. Give t(q).
13
Let z(i) = i**3 + 7*i**2 + 3*i - 9. Let j = -17 - -11. Let q be z(j). Suppose 6*a + q = -15. Let g(p) = p - 1. Determine g(a).
-5
Let m = 40 - 38. Let p(t) = -m*t**2 + 14*t - 3 - 18*t - t**2. What is p(-2)?
-7
Let z(n) = 6*n - 5*n**2 + 4*n**3 - 4 + 9*n - 16*n - 3*n**3. Give z(6).
26
Let m(n) = 7*n**2 - 6*n - 4. Suppose 6*r = 2*r - 3*k - 62, -6 = -3*k. Let u(j) = -20*j**2 + 18*j + 12. Let c(v) = r*m(v) - 6*u(v). Give c(6).
-4
Let t(r) = r**2 + 14*r + 8. Suppose -4*l - 3*d = 63, l - 2*d + 3*d + 17 = 0. Give t(l).
-16
Let c(l) be the second derivative of -l**3 - 1/120*l**6 + 0 + 4*l**2 + 1/10*l**5 + 1/24*l**4 + 3*l. Let j(y) be the first derivative of c(y). Determine j(6).
0
Let i(u) = -u**3 + 7*u**2 - 7*u + 1. Suppose -1 = -q + n, 2*n = -3*q + 16 + 12. Calculate i(q).
-5
Let w(d) = 13*d**2 - 987 + 974 + d**3 + 6*d - 21*d. Suppose -t - 10 = 2*x - 4*x, 5*t = -2*x - 74. Let m be w(t). Let a(s) = -5*s**3 - s**2 + s. Calculate a(m).
-5
Let x be 8/10*10/4. Let c(p) = -p**x + p + 4*p**2 + p. Let s be 2/13 + 1 + (-164)/52. Determine c(s).
8
Let d(u) be the first derivative of -u**2/2 - u - 55. Calculate d(-7).
6
Let m = 1405 + -1406. Let z(n) be the first derivative of n**4/4 + 1. Give z(m).
-1
Let k(y) = 6 - y**3 - 40*y - 2*y**2 - 5*y**2 + y**2 + 45*y. What is k(-6)?
-24
Let s(u) = -u. Suppose -2*f - 42 = -0*l - 2*l, -f - 21 = -2*l. Let b be -17*(-2)/(4/(-2)). Let w = b - f. Determine s(w).
-4
Let j(i) = 3*i**2 + 5*i - 2. Let v(a) = 14*a**2 + 27*a - 9. Let g(w) = -11*j(w) + 2*v(w). What is g(-2)?
-14
Let h(i) = i**2 + 8*i + 8. Suppose -2*j - 4*v - 12 = 0, -5*j - 30 = -46*v + 50*v. Calculate h(j).
-4
Let c(t) = 2*t**2 - 3*t**2 + 0*t**2 - 6 + 6*t. Let v = -1435 + 1439. What is c(v)?
2
Suppose 11 = q + 5*n, -5*q - 1 = -5*n + 4. Let m = -1 - -4. Suppose -m*r - 23 = -3*s - 2, s = -3*r - q. Let u(d) = d**3 - 5*d**2 - d + 3.